80
Let q(u) = 3*u**3 + 69*u**2 + 3*u + 56. Determine q(-23).
-13
Let k(t) = t**3 - 16*t**2 - 28*t - 28. What is k(18)?
116
Let p(j) = 5*j**2 - 119*j + 206. Calculate p(22).
8
Let k(f) = 9*f**2 + 22*f + 3. Determine k(-4).
59
Let b(t) = 224*t + 3356. What is b(-15)?
-4
Let o(r) = 3*r**2 + 15*r - 2596. Calculate o(27).
-4
Let x(t) = -t**3 - 195*t**2 - 528*t - 27410. What is x(-193)?
-4
Let q(j) = -12*j**2 - 128*j - 80. Give q(-10).
0
Let o(p) = 298*p + 10. Determine o(-1).
-288
Let x(r) = r**3 + 6*r**2 - 26*r - 2. Determine x(-9).
-11
Let g(n) = -n**2 + 32*n + 523. Determine g(-12).
-5
Let g(o) = o**3 + 13*o**2 - 51*o + 25. Calculate g(-16).
73
Let i(b) = b**3 + 17*b**2 + 43*b + 51. Calculate i(-13).
168
Let s(r) = -r**3 - 55*r**2 - 158*r - 14. What is s(-52)?
90
Let k(c) = 2*c**3 - 87*c**2 - 44*c + 12. Give k(44).
12
Let g(u) = -14*u + 180. Calculate g(16).
-44
Let q(b) = 3*b**3 - 13*b + 34. What is q(2)?
32
Let i(r) = 236*r**2 - 10*r + 12. What is i(1)?
238
Let s(y) = 4*y**2 - 292*y - 567. Give s(75).
33
Let s(d) = -2*d**2 - 391*d + 2416. Calculate s(6).
-2
Let c(r) = 90*r + 1561. Calculate c(-19).
-149
Let r(v) = -v**3 - 58*v**2 + 23*v + 7520. Give r(-56).
-40
Let y(g) = 286*g + 1703. Give y(-6).
-13
Let f(l) = 14*l - 114. Calculate f(6).
-30
Let y(u) = 2*u**2 - 586*u - 9236. What is y(-15)?
4
Let i(s) = -s**2 + s + 46. Calculate i(-6).
4
Let g(k) = -k**2 + 77*k + 2307. Determine g(-23).
7
Let n(u) = 3*u**3 - 14*u**2 - 7*u + 26. Calculate n(4).
-34
Let f(c) = 2*c**2 - 90*c + 440. Give f(37).
-152
Let o(s) = -6*s**3 + 484*s**2 + 162*s - 42. What is o(81)?
-42
Let b(c) = -4*c**3 + 87*c - 171. Calculate b(2).
-29
Let l(y) = -5*y**2 + 7*y + 2. Give l(0).
2
Let i(v) = 8*v**3 + 759*v**2 - 92*v + 79. Calculate i(-95).
-206
Let y(u) = -u**2 + 41*u - 95. What is y(43)?
-181
Let j(v) = -20177*v + 20191. Give j(1).
14
Let w(h) = 2*h**2 + 381*h + 4619. Give w(-13).
4
Let t(h) = h**3 + 16*h**2 + 54*h - 9. Calculate t(-4).
-33
Let z(p) = -p**3 + 279*p**2 + 348*p - 19038. Determine z(280).
2
Let z(f) = 3*f**3 + 10*f**2 + 26*f + 17. Calculate z(-1).
-2
Let s(w) = 4913*w - 108080. Calculate s(22).
6
Let y(p) = -2*p**3 - 7*p**2 + 15*p - 49. What is y(-6)?
41
Let p(a) = -24*a + 344. What is p(23)?
-208
Let u(q) = -667*q + 6010. Determine u(9).
7
Let s(l) = -3404*l - 8. What is s(0)?
-8
Let f(y) = y**3 + 27*y**2 - 31*y - 83. What is f(-28)?
1
Let c(o) = -o**3 - 422*o**2 - 2507*o - 65. Calculate c(-6).
1
Let m(z) = 2*z**3 + 49*z**2 + 146*z + 7. Calculate m(-21).
28
Let j(z) = 3718*z + 3699. What is j(-1)?
-19
Let w(q) = -2*q**2 - 7*q + 13. Determine w(-5).
-2
Let j(t) = 2*t**3 - 20*t**2 - 50*t - 56. Calculate j(11).
-364
Let m(k) = 2*k**3 + 7*k**2 - 8. Determine m(-4).
-24
Let o(q) = 4*q**2 + 2*q + 2. Give o(-2).
14
Let a(t) = -15*t**2 - 16*t + 83. Give a(5).
-372
Let d(t) = -3*t**2 - 1302*t + 23004. Determine d(17).
3
Let o(k) = -3*k**2 + 45*k - 473. Give o(15).
-473
Let z(y) = -y**2 - 31*y - 129. Give z(-5).
1
Let s(z) = 123*z + 14. Give s(-3).
-355
Let u(y) = -2*y**3 + 479*y**2 + 8999*y - 1023. Give u(257).
5
Let q(y) = -6*y**2 - 413*y + 4204. Give q(9).
1
Let m(c) = c**3 + 67*c**2 + 319*c + 552. Calculate m(-62).
-6
Let k(g) = -g + 163. Calculate k(-18).
181
Let c(p) = -p**2 - 37*p - 160. Give c(-8).
72
Let c(y) = y**3 + 5*y**2 + 367*y + 2232. Give c(-6).
-6
Let d(w) = -117*w - 23. Determine d(2).
-257
Let n(h) = 11*h + 530. Determine n(-49).
-9
Let c(w) = 7*w**3 + 7*w**2 + 3*w + 10. Determine c(-3).
-125
Let a(n) = -n**3 - 10*n**2 + 14*n - 1. Determine a(-6).
-229
Let h(g) = -2*g**3 + 68*g**2 - 4*g + 146. What is h(34)?
10
Let z(d) = -2*d**2 - 49*d - 175. What is z(-22)?
-65
Let o(z) = -17*z + 611. What is o(41)?
-86
Let u(h) = -513*h + 3063. What is u(6)?
-15
Let n(i) = -3439*i - 27518. Give n(-8).
-6
Let f(l) = -l**2 + l + 104. Give f(-14).
-106
Let m(h) = h**3 + 11*h**2 - 15*h - 3. Determine m(-12).
33
Let u(v) = -3354*v - 20126. Calculate u(-6).
-2
Let v(d) = -d**3 + 6*d**2 + 7*d + 65. What is v(8)?
-7
Let h(j) = -187*j - 4293. Determine h(-23).
8
Let d(k) = -k**3 - 6*k**2 + 1582*k + 7943. Determine d(-5).
8
Let j(i) = i**3 - 28*i**2 + 51*i - 52. Calculate j(26).
-78
Let c(f) = 2*f**2 - 135*f + 2197. Determine c(27).
10
Let a(z) = -1953*z - 11740. What is a(-6)?
-22
Let u(c) = c**3 + 64*c**2 + 237*c + 1. Determine u(-4).
13
Let n(c) = 63*c + 507. Give n(-10).
-123
Let b(h) = 63*h - 744. Determine b(10).
-114
Let j(z) = 14*z + 420. Calculate j(-27).
42
Let k(z) = -74*z - 2439. Give k(-32).
-71
Let u(h) = -14*h**2 - 25*h + 3070. Determine u(14).
-24
Let t(z) = 579*z - 3563. What is t(6)?
-89
Let s(l) = l**2 - 1071*l - 4295. What is s(-4)?
5
Let r(p) = 6*p**3 - 56*p**2 + 53*p - 321. Give r(9).
-6
Let i(p) = -p**3 + 16*p**2 - 25*p + 277. What is i(14)?
319
Let c(v) = 94*v - 800. Give c(9).
46
Let o(z) = z**3 - 66*z**2 + 244*z + 224. Determine o(62).
-24
Let h(n) = -n**3 + 31*n**2 - 28*n - 66. Calculate h(30).
-6
Let v(i) = 42*i + 22. What is v(-2)?
-62
Let s(n) = -n**3 + 9*n**2 + 83*n + 119. Give s(15).
14
Let i(k) = k**3 - 12*k**2 - 89*k + 1044. What is i(10)?
-46
Let t(d) = 16220*d + 129773. What is t(-8)?
13
Let c(z) = -z**3 + 4*z**2 + 37*z - 38. Calculate c(8).
2
Let o(g) = -g**2 - 6*g + 83. Determine o(-13).
-8
Let g(d) = 243*d - 12164. Calculate g(50).
-14
Let j(i) = i**3 - 42*i**2 + 11*i - 477. What is j(42)?
-15
Let v(z) = -7*z + 101. Determine v(12).
17
Let h(i) = i**3 - 184*i**2 + 721*i - 247. What is h(180)?
-67
Let f(o) = o**3 + 40*o**2 + 36*o - 51. Calculate f(-39).
66
Let q(x) = -16*x**2 + 57*x + 58. Calculate q(-1).
-15
Let m(n) = -106*n - 256. Determine m(4).
-680
Let i(t) = -948*t - 4727. Give i(-5).
13
Let z(r) = 79*r - 328. Calculate z(18).
1094
Let p(s) = 3*s**2 - 704*s + 4555. Determine p(228).
-5
Let h(l) = 8*l**2 - 265*l - 213. Calculate h(34).
25
Let r(q) = q**2 + 42*q + 273. What is r(-47)?
508
Let m(w) = -w**2 - 34*w - 280. Give m(-9).
-55
Let x(w) = -4*w + 169. Give x(39).
13
Let j(f) = 2*f**3 - 21*f**2 - 35*f - 7. Calculate j(12).
5
Let i(h) = 2*h**2 - 122*h + 402. Determine i(57).
-54
Let t(x) = -x**3 + 102*x**2 - 202*x + 204. Determine t(100).
4
Let o(k) = -130*k - 1427. What is o(-11)?
3
Let j(k) = k**3 - 17*k**2 + 10*k - 137. What is j(17)?
33
Let m(n) = n**2 + n - 341. What is m(-18)?
-35
Let n(o) = -376*o**2 + 744*o - 1. Determine n(2).
-17
Let l(r) = -555*r - 1114. Determine l(-2).
-4
Let y(k) = -4*k**2 - 65*k + 48. Give y(-17).
-3
Let t(p) = -2*p + 12. Determine t(13).
-14
Let j(x) = 3*x**2 + 692*x + 3829. Calculate j(-225).
4
Let d(l) = l**3 - 21*l**2 - 50*l + 31. Give d(23).
-61
Let u(d) = -d**2 - 121*d - 3557. Determine u(-54).
61
Let a(t) = -t**3 - t**2 + 12*t + 14. Give a(4).
-18
Let s(h) = h**3 - 11*h**2 - 5*h + 24. What is s(10)?
-126
Let x(s) = -s**3 - 33*s**2 - 92*s - 97. Calculate x(-30).
-37
Let u(m) = m**3 + 76*m**2 + 545*m + 89. What is u(-68)?
21
Let m(b) = 4*b**2 + 5*b + 16. What is m(-8)?
232
Let r(k) = -3*k**2 - 87*k + 277. Determine r(-32).
-11
Let n(u) = 8*u**2 + 39*u - 56. Calculate n(-10).
354
Let p(c) = 56*c + 940. Determine p(-17).
-12
Let j(p) = p**2 + 175*p + 7644. What is j(-94)?
30
Let n(q) = -q**2 - 292*q + 10007. Determine n(-323).
-6
Let b(d) = -2*d**3 - 3*d**2 + 9*d - 8. Determine b(-6).
262
Let k(n) = 10*n + 492. Calculate k(-50).
-8
Let q(x) = -x**3 + 9*x**2 + 7*x + 30. What is q(10)?
0
Let i(a) = a**2 - 68*a + 198. What is i(3)?
3
Let n(q) = -q**2 + 188*q - 907. Calculate n(5).
8
Let z(j) = 3*j**3 - 13*j**2 - 20*j - 30. Determine z(6).
30
Let n(v) = v**3 + 13*v**2 - 13*v - 99. What is n(-14)?
-113
Let g(l) = 199*l**2 - 1187*l - 23. Give g(6).
19
Let l(j) = -j**2 - 192*j - 7394. Determine l(-53).
-27
Let k(s) = 743*s - 8902. Give k(12).
14
Let c(s) = -2286*s - 6856. Determine c(-3).
2
Let x(c) = -68*c - 7867. Calculate x(-116).
21
Let a(j) = 7*j**2 + 374*j - 204. What is a(-54)?
12
Let n(a) = -68*a + 477. Determine n(8).
-67
Let h(s) = -s**2 + 84*s - 204. What is h(81)?
39
Let h(n) = -n**3 - 7*n**2 - 2*n + 7. Calculate h(4).
-177
Let v(k) = k**3 + 22*k**2 - 1917*k + 436. Determine v(34).
-6
Let m(j) = j**3 + 6*j**2 - 37*j - 181. Calculate m(-7).
29
Let j(x) = x**3 + 20*x**2 + 75*x - 30. Calculate j(-7).
82
Let y(z) = 4*z**3 + 98*z**2 - 50*z - 18. Give y(-25).
-18
Let j(n) = -43*n + 410